+ 5*a + 9. Give y(d).
-5
Let v(c) = 13*c**2 - 6*c**3 + 9 + 12*c**3 - 3*c**3 + 13*c - 2*c**3. What is v(-12)?
-3
Let p(c) = -2*c + 3. Let m be p(0). Suppose 8*x - m = 7*x. Let n(l) = l**3 - 4 - 2*l**x + 15*l - 16*l + 13. Give n(0).
9
Suppose 6*i + 26 = -40. Let v(d) = -d + 11. Calculate v(i).
22
Let n(s) = s - 5. Let u(y) = y**2 + 5*y - 8. Let p be u(-7). Give n(p).
1
Suppose 84*v - 93*v - 36 = 0. Let w(a) = -a**3 - 3*a**2 + 8*a + 10. Calculate w(v).
-6
Suppose -2*u = 0, -4*p + 3*u + u - 36 = 0. Let c(g) = -25*g**3 - 27*g**2 - 14*g. Let i(b) = 9*b**3 + 9*b**2 + 5*b. Let q(n) = -4*c(n) - 11*i(n). Determine q(p).
-9
Let a = 7 + -19. Let c be (a/20)/((-2)/5)*-4. Let b(u) = u**2 + 3*u - 8. What is b(c)?
10
Suppose -2*p - 4*x = -5*x - 15, -2*p = 3*x - 3. Let i(w) = -w - 7. Let k be i(-10). Let z(q) = -q - 5*q**2 - k*q - 8 + q**3 - q. Give z(p).
-2
Let h be (-4)/(-1) - (-14 + 13). Let k(a) = 0*a + 8*a + 5*a**2 + a**2 - h*a**2 + 5. Calculate k(-7).
-2
Suppose -j = -3*p - 149, -p - p - 101 = j. Let m = 46 + p. Let b(f) = f**3 + 2*f**2 - 6*f - 6. What is b(m)?
-14
Let j(t) = t + 9. Let a be j(-4). Let i(d) be the third derivative of 0 - 3*d**2 + 5/6*d**3 + 0*d - 1/12*d**4. Calculate i(a).
-5
Let s(w) be the second derivative of -w**3/6 - 3*w**2/2 + w. Let f = 1161 - 1168. Give s(f).
4
Let a(j) = -2*j - 1. Let g(f) = -7*f + 1. Let z be g(0). Determine a(z).
-3
Let j(i) be the third derivative of i**6/60 - i**5/30 + i**4/24 + 15*i**2. Suppose -3 = -3*v + 4*h - 1, 2*v + 4*h = 8. Determine j(v).
10
Let a(d) = -326*d - 379*d - 6 + 701*d - 3. Let p be 2/(1 - (-18)/(-14)). Determine a(p).
19
Let z(p) = 8*p**3 - p**2 + 870 - 870. Suppose s - 4 = r, 32*s = 30*s + 3*r + 13. What is z(s)?
-9
Let d(n) = 167*n + 2. Let x be d(2). Let o be 4/10 - x/15. Let r = -25 - o. Let v(m) = -m**3 - 2*m**2 + 2*m - 1. What is v(r)?
2
Suppose 5*s - 20 = s. Suppose -3*p = s - 32. Let t = 11 - p. Let u(n) = -n**2 + n. Give u(t).
-2
Let h(u) = 3*u**2 + 4*u - 3. Let g(i) = 49 + 6*i + 53 + 5*i**2 - 107. Let f(b) = 4*g(b) - 7*h(b). Calculate f(-5).
-4
Suppose -146*d + 138*d = -16. Let w = -7 + 10. Let k(u) = -u**3 + 1 - 2*u + 2*u**3 - 2*u**2 + 0*u**w. Give k(d).
-3
Let r = 528 + -526. Let q(m) be the third derivative of -m**5/60 + m**4/24 - m**3/6 - m**2. Give q(r).
-3
Suppose -z + 0*v + 3*v = 4, 0 = -4*z + 2*v - 6. Let o(h) be the first derivative of -2*h**2 - 97. Give o(z).
4
Suppose 21 - 9 = 4*d. Suppose a + j = 3*a - 15, -4*j = -d*a + 30. Let m(k) = 8*k**2 + a*k - 5*k + 4*k + k**3 - 9. Determine m(-7).
5
Let c(z) = 5*z**2 - 3*z - 7. Let t(k) = 9*k**2 - 7*k - 13. Let w(y) = 7*c(y) - 4*t(y). Suppose 0 = 824*x - 821*x - 18. Determine w(x).
9
Let v(p) be the first derivative of -2*p**2 - p + 214. Calculate v(-2).
7
Let l(o) be the second derivative of o**4/6 + o**3/6 + 5*o**2/2 - 116*o. What is l(-5)?
50
Let p(c) be the second derivative of c**5/20 + 7*c**4/12 - 4*c**2 - 10*c. Let y be p(-7). Let q(s) = -s**3 - 8*s**2 - 2*s - 7. What is q(y)?
9
Suppose o - 3 = -3*q, -4*q + 3*q + 11 = 2*o. Let c(d) = -d**3 + 6*d**2 + 2*d - 22. Give c(o).
-10
Let b = 9 - 5. Let x(f) be the first derivative of f**4/4 - 2*f**3/3 - 2*f**2 + 3*f + 221. What is x(b)?
19
Let k = -19 - -16. Let g be k/(-9) - (-60)/9. Suppose g*o - 6*o = 0. Let p(t) = t**3 - t + 15. Determine p(o).
15
Let p(y) be the first derivative of 0*y + 206*y**2 - 202*y**2 + 3*y - 3. Determine p(-2).
-13
Let b = 583/1158 + -2/579. Let k(n) be the second derivative of -3/2*n**2 - 10*n - 1/6*n**4 + 0 - b*n**3. Determine k(-2).
-5
Suppose 0 = h + 3*h - 16. Suppose 26 + 10 = 5*l - 3*m, -h*l + 2*m = -28. Let s(j) = j**2 + 7*j - j - 7*j - l. What is s(0)?
-6
Let j be (12/8)/(12/64*-4). Let m(z) = z**3 + 3*z**2 + z - 1. Give m(j).
1
Let r(g) = g + 2. Let o(m) = m**2 - 1. Let z(k) = o(k) + 6*r(k). What is z(-6)?
11
Let j(k) be the third derivative of -k**6/120 + 7*k**5/60 - k**4/24 - k**3/3 + 698*k**2. Give j(8).
-74
Let t(u) = 2*u**3 + 8*u**2 + 21*u - 9. Let x(n) = -n**3 - 4*n**2 - 8*n + 4. Let z(c) = -2*t(c) - 5*x(c). Let m(b) = b + 2. Let l be m(-6). What is z(l)?
6
Let z be -3 - (5 - 8) - (1 - 1). Let v(b) = b**2 - 2*b + 2. Let i(r) = r - 1. Let q(w) = 2*i(w) + v(w). Calculate q(z).
0
Let i = -8 + 9. Let h = 12 - i. Let d = h + -12. Let q(u) = -u**3 + u**2 - 1. What is q(d)?
1
Let n(m) = -2*m**2 + 29*m - 4. Let j be n(12). Let s(y) = 6*y**2 - j*y + 5 + 30*y + 31*y - y**3. What is s(7)?
-9
Let c(g) = 5*g**3 + 2*g**2 - g. Suppose 0 = -n - 5*n + 240. Let p = n - 39. Give c(p).
6
Let k(h) be the first derivative of h**4/4 + 2*h**3 + h**2/2 - 3*h + 82. Let t be -9*(1 - (-2)/(-6)). What is k(t)?
-9
Let d(w) = 2*w - 20. Let y = 74 + -65. Let k be d(y). Let j(f) = -f - 1. Calculate j(k).
1
Suppose 241 = 9*t - 74. Suppose -4*l + 9*l = -t. Let n(j) = j**3 + 7*j**2 - 2*j - 3. Determine n(l).
11
Let v = -4 + 7. Suppose -4*j = -5*s + 13 + 14, 2*s - 4*j - 6 = 0. Let g(t) = -7*t**3 + 4*t**3 + 1 + 2*t + s*t**v - t. Calculate g(-1).
-4
Let c = 42 - 277. Let r be (-6)/(-27) + c/45. Let g(x) = -x**2 - 7*x + 7. Let o(z) = z**2 + 8*z - 7. Let l(b) = -4*g(b) - 3*o(b). Calculate l(r).
-2
Let r = 30 - 33. Let h(k) = -k**2 + 8*k - 5. Let f(s) = -s**2 + 8*s - 5. Let q(u) = r*h(u) + 2*f(u). Calculate q(7).
-2
Let w(s) = -s + 6. Let i = 125 - 118. Calculate w(i).
-1
Let u(g) be the first derivative of 13*g**3/3 + g + 9. Determine u(1).
14
Suppose 5*p - 3*v - 147 = 0, -v + 2*v = 4*p - 112. Let n = p - 21. Suppose -n + 27 = -7*k. Let g(f) = -f**2 + 2. What is g(k)?
-7
Suppose 6 + 10 = 4*l. Let j be 1/(-4) - (-17)/l. Let a(n) = 2*n - j*n**2 + 6*n**2 + n**2 - 3*n - 1. Calculate a(2).
9
Let w(q) be the second derivative of 0 - 1/6*q**3 - 3*q**2 - 9*q. Let o = 3 + -6. Determine w(o).
-3
Let n be (-14)/6*45/(-63). Let k(j) be the first derivative of 1 - 7*j + 1/4*j**4 - 7/2*j**2 + n*j**3. What is k(-6)?
-1
Let v(r) be the first derivative of 3*r**4/4 - r + 5. Let x = -105 + 104. Determine v(x).
-4
Let t(a) be the second derivative of -a**4/12 - 7*a**3/3 + 7*a**2/2 + 55*a. Give t(-14).
7
Let c(h) = -302*h - 307*h - 2*h**2 + 612*h - 1. Let a(j) = -j**2 - 3 + 6 + 5*j - 1. Let n be a(5). Determine c(n).
-3
Let v(u) be the first derivative of u**3/6 + u**2/2 + 8*u + 12. Let w(z) be the first derivative of v(z). Determine w(6).
7
Let u(q) be the third derivative of 0 - 21*q**2 - 1/10*q**5 + 0*q + 1/8*q**4 - 1/120*q**6 + 7/6*q**3. Let c = -9 - -3. Determine u(c).
-11
Let h(u) = -2*u + 4. Let k(z) = -z - 1. Let t(y) = y**2 + 7*y - 43. Let g(s) = -4*k(s) - t(s). Let a be g(-8). Give h(a).
-10
Let p(g) be the second derivative of g**4/12 + 5*g**3/6 - 7*g - 2. Calculate p(-6).
6
Let o(j) = -7*j**2 - 8*j. Let p(d) = 9*d**2 + 8*d - 1. Let k(s) = -4*o(s) - 3*p(s). What is k(-9)?
12
Let y(n) be the first derivative of -1 + 0*n**3 + 3*n + n**2 - 5/12*n**4 - 1/20*n**5. Let j(f) be the first derivative of y(f). Give j(-5).
2
Let y(s) be the second derivative of 13*s**3/6 + 7*s**2/2 + 54*s. Let j(d) = 2*d + 1. Let p(h) = -6*j(h) + y(h). Calculate p(-5).
-4
Let t(z) = -8*z**2 - 1. Let h(b) = -6*b - 8. Let y(c) be the first derivative of c**2/2 + c + 2. Let i(w) = -h(w) - 5*y(w). Let o be i(-2). Calculate t(o).
-9
Let g(t) = -4*t**2 + 104*t**3 - 2 - 54*t**3 + 3*t**2 - 55*t**3. What is g(-2)?
34
Suppose -3*r - 40 + 55 = 0. Let o(s) = -s - 2. Determine o(r).
-7
Let k(x) = x**3 - x - 1. Suppose 4*l + 28 = n, 3*n = -0*n - 3*l + 54. Let o be 44/n - (-2)/(-10). Give k(o).
5
Let k be 1106/112 + ((-3)/(-24))/1. Let o(d) = d**2 - 10*d + 2. Calculate o(k).
2
Let q(a) = -a**2 + 4*a - 2. Let p = -16 - -16. Suppose p = j - 2 + 1. Suppose -o = -j - 3. Give q(o).
-2
Let m(y) = -y**2 - 2*y - 3. Let t = -32 - -117. Suppose 45 = 4*k - 3*a - 70, 3*k = 2*a + t. Let r = -27 + k. What is m(r)?
-3
Let f be (1 - (-52)/(-12))*(-2 + 8). Let k(o) = o + 15. Determine k(f).
-5
Let u(s) be the third derivative of -4*s**6/15 + s**4/12 - s**3/6 - 189*s**2. Give u(1).
-31
Let q(k) = -15*k - 2. Let v be (-40)/60*(-6)/4. Give q(v).
-17
Let l(y) be the second derivative of -y**5/20 + y**4/3 + 7*y**2/2 + 2*y. Let o(d) = 2*d**3 - 18*d**2 + 3*d - 22. Let b be o(9). Calculate l(b).
-18
Let p(b) be the second derivative of -b**5/20 + 7*b**4/12 - 7*b**3/6 + b**2/2 - b - 173. Give p(6).
-5
Suppose -20*i - 126 = -26*i. Suppose -i*t = -62